 0*d = 21. Suppose d*w + 4*z - 481 = 0, 5*w + 5*z = -0*z + 810. Suppose -5*f + 3 = -w. What are the prime factors of f?
2, 17
Let u(s) = s**2 + s - 2. Let z be u(3). Suppose -6 = 4*k - 2*p - 16, -z = -5*k + 2*p. Suppose k - 20 = -y. What are the prime factors of y?
2, 5
Suppose 7515 = 3*p + 2*m, 2*p - 3*m = 4993 + 4. List the prime factors of p.
2503
Suppose -w - w + 24 = 3*z, -4*z = -5*w + 14. Let y be (w/4)/(21/(-28)). List the prime factors of (-17 - (-3 - y))*-2.
2
Suppose 34 = -5*v + 3*d, -v - 5 = -5*d + 15. List the prime factors of (-105)/(-20) + v + 291/4.
73
Suppose -49*h + 3*p = -50*h + 476, 4*p - 950 = -2*h. What are the prime factors of h?
11, 43
List the prime factors of 10*17/(-1785) + 47525/21.
31, 73
What are the prime factors of 12*((-9)/3 + 71/4)?
3, 59
Let l(y) = 71*y**2 + 21*y + 142. List the prime factors of l(-5).
2, 3, 151
Suppose 698 = 15*x - 592. List the prime factors of x.
2, 43
Suppose 5*k = 4*j - 68 + 9, -5*k + 53 = 3*j. Suppose j = -5*m - 29. List the prime factors of (-21)/m*3 + -2.
5
Let f(p) = -32*p + p**2 + 0*p**2 + 24*p + 13. What are the prime factors of f(7)?
2, 3
Suppose -2*s = g - 1956 - 664, -3*g = 0. What are the prime factors of s?
2, 5, 131
Let z(j) be the first derivative of -j**5/120 + 7*j**4/4 + 8*j**3/3 - 7. Let d(h) be the third derivative of z(h). List the prime factors of d(15).
3
Let c(a) = -a**2 - 4*a + 22. Let s(y) = y**2 + 4*y - 21. Let j(o) = 5*c(o) + 6*s(o). Let d be j(-7). Suppose 180 - 20 = d*f. What are the prime factors of f?
2
Suppose 3*h + 3*i - 36 = 90, -2*i = 0. Suppose -5*x + 84 = -4*c - 2*x, 2*x + h = -2*c. List the prime factors of 206/10 + c/35.
2, 5
Let j = 63 - 27. Let i be (-25)/(-9) + 8/j. Let a = 10 + i. List the prime factors of a.
13
Let q = 143 + -62. Let k be 352/(-6) - 2/(-3). Let o = k + q. What are the prime factors of o?
23
Suppose g - 51*b + 49*b - 1667 = 0, 5005 = 3*g - 4*b. What are the prime factors of g?
3, 557
What are the prime factors of (3 + 3)*(-13005)/(-27)?
2, 5, 17
Let z(p) = 7*p - 1. Let t(i) = 6*i - 1. Let w(n) = -4*t(n) + 3*z(n). Let q = 4 - 7. What are the prime factors of w(q)?
2, 5
Suppose 2*v - 5*v + 1107 = 0. What are the prime factors of v?
3, 41
What are the prime factors of (-1 + (-136)/(-12))/(13/624)?
2, 31
Let g(w) = 12*w - 13*w - 33 + 43. Let p = 0 - 13. List the prime factors of g(p).
23
Let f be (-134)/(-6) + (-14)/(-21). Suppose -20*h = -f*h + 360. Suppose 4*u = 5*v - h, v - 11 = 5*u + 13. List the prime factors of v.
2, 3
Let v(k) = k - 4. Let x be v(8). Suppose -w + x*d = -66, 4*d - 1 - 19 = 0. List the prime factors of w.
2, 43
Suppose -14*t - 2104 = -18*t. What are the prime factors of t?
2, 263
Let a be 1/2*(-21 + 5). Let v be a/44 - 317/11. Let h = -27 - v. What are the prime factors of h?
2
Let h = 6 + -6. Suppose j + n - 15 + 76 = h, 3*j + n = -181. What are the prime factors of ((-384)/j)/(1/5)?
2
Suppose 2*i + 4140 = 4*c, -2*c + 4*i = -3*c + 1035. Suppose 0 = 4*q + 5*q - c. What are the prime factors of q?
5, 23
Suppose 0 = 5*l + 16 + 54. Let c(q) = 3*q + 6. Let b be c(l). Let s = b + 77. What are the prime factors of s?
41
Let f(i) = -i**2 + 8*i + 13. Let x be f(9). Suppose -x*l + 148 = -2*l. Suppose -5*n = 2*y - l, 3*n - 57 = 5*y - 2*y. What are the prime factors of n?
2
Suppose -51 = -8*i + 277. What are the prime factors of i*1/(-5)*-5 + -3?
2, 19
Let w(j) be the second derivative of -j**5/20 + j**4/12 + 7*j**3/6 + 5*j**2 + 11*j. What are the prime factors of w(-4)?
2, 31
Suppose 6*u + 40 = 5*u. Let z = u - -66. List the prime factors of z.
2, 13
Suppose y - 20 = -4*y. Suppose -5*r - 3 - 7 = 0, y*m - 5*r - 1546 = 0. What are the prime factors of m/15 - 4/(-10)?
2, 13
Let b(c) = -c**2. Let p(i) = -5*i**2 - 8*i + 21. Let r(u) = -6*b(u) + p(u). What are the prime factors of r(5)?
2, 3
Let g = 864 - -1208. List the prime factors of g.
2, 7, 37
Let l(o) = 0*o - 9 - 4*o**2 + 8*o + o**2 + 2*o**2 + 8*o. Let x = 20 + -14. What are the prime factors of l(x)?
3, 17
Suppose -3*h - 3*h = -12. Suppose 3*i - 35 = -h*i. Suppose i*v = 3*v + 216. What are the prime factors of v?
2, 3
Suppose -26*o + 909 = -23*o. List the prime factors of o.
3, 101
Suppose 3*a - 23 + 92 = 0. Let w(c) = -c**2 - 32*c + 46. List the prime factors of w(a).
11, 23
Let q(f) = f**2 + 21*f - 25. Let k be q(-22). List the prime factors of k + -204*-1*(-2)/(-4).
3, 11
Let c = 72 - 67. Suppose -68 - 152 = -c*h. List the prime factors of h.
2, 11
Suppose 4*v - 4 = 4. What are the prime factors of (1/(-1) + 111)/v?
5, 11
Suppose -390352 = -73*u + 11*u. What are the prime factors of u?
2, 787
Let s(m) = 10*m**2 - m + 258. What are the prime factors of s(-13)?
37, 53
Suppose y - 166 = -5*m, -y + 31 = 3*m - 129. Suppose -3*a = -5*z + y, -z + 20 = -0*z - 4*a. List the prime factors of z.
2
Let y be -2 + 3 + -83*(-1 - 5). Suppose -y = -2*w - 95. What are the prime factors of w?
2, 101
Suppose 9 = i + 3*i + m, 2*i - 2*m = 12. Suppose p = -i*v + 14, 14 = 5*v + 2*p - 5*p. Suppose 0 = v*y - y - 15. List the prime factors of y.
5
Suppose -13*j = -5*j - 6*j. Let h(n) = n + 190. What are the prime factors of h(j)?
2, 5, 19
Suppose 29*q - 25680 = 23*q. What are the prime factors of q?
2, 5, 107
Let t = 93 + -89. Suppose 0*x = 4*q - x - 506, -t*q - 2*x = -512. What are the prime factors of q?
127
Suppose 7*c + 21309 = 59718. List the prime factors of c.
3, 31, 59
Let d(i) = -5*i + 24. Let w be d(4). What are the prime factors of (-660)/(-21)*14/w?
2, 5, 11
Let n(i) = -2*i**2 + 14*i - 3. Let p be n(6). Let y(d) = -d**3 + 10*d**2 - 5*d - 17. What are the prime factors of y(p)?
19
Let d(r) = 0*r + 18*r + 3 - 3. Let t be d(5). Suppose 0 = 3*i + 2*i - t. List the prime factors of i.
2, 3
Let v(i) = i. Let a be v(7). Let w(n) = 2*n**2 - 4*n - 13. What are the prime factors of w(a)?
3, 19
Let h(v) = v**2 + 22*v + 20. List the prime factors of h(-44).
2, 13, 19
Suppose 3*y - 8*y + k - 1 = 0, -3*k + 3 = y. Suppose q - 15 + y = 0. What are the prime factors of q?
3, 5
Suppose 4*a - 116 = 2*a. Let l = -98 + a. What are the prime factors of l/(-6)*(7 - 4)?
2, 5
Let a(v) = v**2 + 2*v + 3. Suppose 0 = -y - 3*y + 8. Suppose -m = -y*m - 2. What are the prime factors of a(m)?
3
Let n(q) = 4*q**2 - 8. Let k be n(4). What are the prime factors of (3 - (-2 - k)) + -2?
59
Let a(j) = -j**3 - 8*j**2 - 9*j - 8. Let v be a(-7). Let o = v + 1. What are the prime factors of o/2*(-100)/(-35)?
2, 5
Suppose 2*q - 5 + 1 = 0. Let j(i) = 0*i**q + 6*i**2 + 2 - 2*i - 3. List the prime factors of j(-2).
3
Let s = -77 - -80. Let n be (-2)/(-4)*(15 - 1). Suppose -46 = -4*w - s*b, -5*b + 30 = 2*w - n*b. List the prime factors of w.
13
Let x be 201 + (-2 - 1) + 1. Suppose -186 = -11*o + x. What are the prime factors of o?
5, 7
Suppose 0 = -4*m - 3*z, -20 + 0 = -4*m + 2*z. Suppose -2*g = m*v + 18, 2*v + 2*g + 12 = g. Let y(c) = c**3 + 7*c**2 + 3*c + 5. List the prime factors of y(v).
23
Let y(w) = 2*w**2 - 4*w. Let b be y(-3). Suppose b + 51 = c. Suppose -2*h - 5*n = -c, 3*h + 2*n - 109 = -3*n. What are the prime factors of h?
2, 7
Suppose 5*w = 7*w + 4*h - 1402, 0 = -3*w - 2*h + 2083. List the prime factors of w.
691
Suppose 2 = 2*j, 2*s - 3*j = j - 78. Let o = 53 + s. What are the prime factors of o?
2
Suppose 5*a + 2*d - 1180 = 0, -3*a + 692 = -7*d + 5*d. What are the prime factors of a?
2, 3, 13
Let q be -2 + 167 + (-40)/10. Let u = -53 + q. List the prime factors of u.
2, 3
Let j(g) = 2*g**2 - 18*g + 4. Let q be j(8). Let s = q + 45. What are the prime factors of s?
3, 11
Let g(i) = 69*i - 3. Let d be g(2). Let h = 31 + d. List the prime factors of h.
2, 83
List the prime factors of 38/(-2 - (-46)/22).
2, 11, 19
Let b = 54 + -58. Let w = b + 66. What are the prime factors of w?
2, 31
What are the prime factors of (11862/(-8))/(93/(-248))?
2, 3, 659
Suppose -4*m = m - 5. What are the prime factors of (-4)/m + (-40)/(-4)?
2, 3
Suppose -15*w + 3891 + 2709 = 0. List the prime factors of w.
2, 5, 11
Let q(x) = -2*x**3 - 2*x**2 - 7*x - 27. What are the prime factors of q(-7)?
2, 5, 61
Let b(j) = 138 - 59 - 4*j - 65. List the prime factors of b(-7).
2, 3, 7
Let x(d) = -d**3 - 6*d**2 + d + 8. Let z be x(-6). Let f(s) = -s - 4 + 2*s + 3*s**z - 1 - 2*s**2. What are the prime factors of f(-6)?
5
Let c(x) = 10*x**2 - 56*x +